inder when 47 is divided by x.
7
Let t = 82 - 34. Calculate the remainder when t is divided by 7.
6
Suppose 3*o = -4*n + 48, 4*o - 22 - 21 = -3*n. What is the remainder when n is divided by 5?
4
Suppose -b = -5 + 2. Let g(j) = -j - 8. Let f be g(-5). Calculate the remainder when (-15)/(-2) - f/(-6) is divided by b.
1
Suppose -22 = -5*n - 7. Let x(d) = 3*d + 0*d + 2 + 5 - d**2 - 6 + d**3. What is the remainder when x(n) is divided by 15?
13
Suppose 115 = 4*w + w - 5*t, 4*t - 3 = -w. Suppose 6 = 2*k - 4. Suppose k*f = -3*o + 140, 5*o - f = f + 285. What is the remainder when o is divided by w?
17
Let l(f) = f**2 - 6*f - 18. Calculate the remainder when 183 is divided by l(11).
35
Let s(d) = 2*d**2 + 5*d - 4. Calculate the remainder when s(6) is divided by 25.
23
Let u(o) = -3*o**3 - 4*o**2 - 2*o + 4. What is the remainder when u(-3) is divided by 28?
27
Suppose 18*u = 13*u + 310. Suppose -64 = -0*v - 4*v. What is the remainder when u is divided by v?
14
Suppose -30*r - 40 = -31*r. Calculate the remainder when 157 is divided by r.
37
Let a = -2 + -37. Let t = a + 64. Calculate the remainder when t is divided by 13.
12
Let g = 31 + -18. Let f(x) = 6*x**2 + 1. Calculate the remainder when f(2) is divided by g.
12
Suppose -u - 1 = 0, -5*w - u = -4 - 20. Suppose 0 = 5*m - 40 - 25. What is the remainder when m is divided by w?
3
Let z(h) = -2*h + 14. What is the remainder when z(-10) is divided by 10 - (2 + (2 - 3))?
7
Let a(z) = -18*z**3 + z**2 + z + 1. What is the remainder when 55 is divided by a(-1)?
17
Suppose 4*h - 106 = 3*p + 24, -2*h - 5*p + 78 = 0. Let v = 4 + 7. Calculate the remainder when h is divided by 1 + 1 + v - 1.
10
Suppose -2*m + 12 = m. Suppose -4*a + 3*l = 216, m*a + 188 = -0*a - 4*l. Calculate the remainder when 29 is divided by 1/(-2 - a/24).
5
Suppose -2*n - 2*n = -56. Suppose -5*z = n - 49. Suppose z - 51 = -4*p. Calculate the remainder when 20 is divided by p.
9
Suppose 4*s = -m + 13, -m + 9*s = 4*s - 22. What is the remainder when 67 is divided by m?
16
Calculate the remainder when 15 is divided by 10*((-6)/15 + 1).
3
Let l(z) = 3*z - 3. Let v be 138/7 - (-2)/7. Suppose -5*j + v = 3*y - 2*y, 0 = -2*j - 2*y. Calculate the remainder when j is divided by l(2).
2
Let c = 113 + -84. What is the remainder when c is divided by 16?
13
Suppose -m - m = -106. Let c(j) = -j - 6. Let u be c(-8). Calculate the remainder when m is divided by (4 - u)*10 + -2.
17
Suppose -3*z = -t + 3*t - 72, 2*t = -5*z + 120. What is the remainder when z is divided by 7?
3
Let v(b) = b**2 - 9*b + 3. Let h be v(8). Let s = h - -8. Suppose 5*x - 8 = -o, s = -x + 4*x. What is the remainder when o is divided by 2?
1
Let p(c) = -c**3 - 7*c**2 - 6*c + 5. Let l be p(-6). Suppose -g - 44 = -l*x - 2*g, 3*x - 2*g = 16. What is the remainder when 31 is divided by x?
7
Let z(l) = 8*l - 7. Let s be z(5). Let i = -23 + s. Let k = -3 - -22. What is the remainder when k is divided by i?
9
Calculate the remainder when 19 is divided by (-4)/(-14) - (-272)/28.
9
Suppose -2*j + 5*x = -3*j - 16, 0 = -x - 4. Calculate the remainder when 14 is divided by j.
2
Let b = 38 + -22. Calculate the remainder when 95 is divided by b.
15
Let w = 14 - -6. Let l(f) = 7*f - 175. What is the remainder when l(36) is divided by w?
17
Suppose -3*c - 32 = -194. Let a = 82 - c. Suppose 5*q - a = q. What is the remainder when 26 is divided by q?
5
Calculate the remainder when 37 is divided by (-16 + -4 - 6)/(4/(-2)).
11
Suppose 2*w = -4*w + 342. Calculate the remainder when w is divided by 20.
17
Let d(k) = k**2 - 7*k - 20. Calculate the remainder when d(-6) is divided by 12.
10
Let z(r) = r**2 + 5*r + 1. Let i be z(-4). Let h(x) = -x**3 - 7*x**2 - 6*x - 18. What is the remainder when 2/(-6) + (-211)/i is divided by h(-7)?
22
Suppose -5*c + 7 = -8. Calculate the remainder when c is divided by 2.
1
Suppose 4*s + 3*j - 2*j + 110 = 0, -3*s - 87 = 3*j. Let u = s + 41. Calculate the remainder when u is divided by 5.
4
Let l = -21 - -29. Suppose -w + l = -7. What is the remainder when 27 is divided by w?
12
Let a(j) = j**2 - 3*j + 2. Let c be a(6). Calculate the remainder when (2 + 0)/(5/c) is divided by -2 + 4 + -2 + 3.
2
Let t(y) = y**2 + 16*y + 32. Let m(x) = 3*x. Let l be m(1). Suppose 0 = 5*h - l - 32. Calculate the remainder when h is divided by t(-14).
3
Suppose -50 + 224 = 3*i. Calculate the remainder when i is divided by 21.
16
Suppose -24*m + 178 + 230 = 0. Calculate the remainder when m is divided by 5.
2
Suppose -7*r - 6 = -8*r. Calculate the remainder when r is divided by 2.
0
Let n(s) = -2*s**3 - 2*s**2 + 4*s + 2. Let z be n(-3). Suppose 3*l + l - 60 = 0. Let g = z - l. What is the remainder when 31 is divided by g?
9
What is the remainder when 34 is divided by -10*3/15*-3?
4
Let q = -1 - -5. Let z(m) = -m - 3. Let v be z(-6). Let k = v + 8. What is the remainder when k is divided by q?
3
Let m = -12 - -16. Calculate the remainder when ((-52)/(-1))/(m + -3) is divided by 18.
16
Suppose 3*z + 23 = -28. Let c = z - -26. What is the remainder when 15 is divided by c?
6
Let t(r) = r**3 - 2*r**2 - 6*r + 6. Calculate the remainder when t(4) is divided by 8.
6
Suppose 3*d = -21 - 696. Let n = d + 384. Suppose 2*u + 3*z = -0*z + 43, -5*u + 5*z = -n. Calculate the remainder when u is divided by 14.
12
Let a(k) = k + 1. Let t(f) = 2*f**2 - 2*f + 10. Let i(b) = -4*a(b) + t(b). What is the remainder when 39 is divided by i(4)?
11
Let p = 3 + -1. Suppose 8 + 0 = 4*y. Calculate the remainder when p is divided by y.
0
Suppose -2*q - 4*v = 0, -5*v + 10*v + 10 = 0. Suppose q*t = -t + 40. What is the remainder when t is divided by 3?
2
Let h be (-5)/10 + (-18)/(-4). Suppose -h*w = 5*s - w - 72, -48 = -3*s + 3*w. What is the remainder when 28 is divided by s?
13
Suppose -8 = -2*b - 0*b. Suppose 140 = b*v + 3*y, -22 = v + y - 57. What is the remainder when v is divided by 18?
17
Suppose 4*i = -j + 5, 0*i = 5*j + 3*i - 59. Let q(g) = 101*g**2 - 1. Let s be q(-1). Suppose -v - 3*v + s = 0. Calculate the remainder when v is divided by j.
12
Suppose -2*r - 10 = 5*s, 2*r + 2*s = 5*r + 53. Let t = 35 + r. What is the remainder when 59 is divided by t?
19
Suppose r - 26 = -r. Calculate the remainder when 36 is divided by r.
10
Let o = 31 + 36. What is the remainder when o is divided by 23?
21
Suppose -5*r = -4*g - 53, 32 = r + 3*r + 2*g. Calculate the remainder when 4*5/(-20)*25*-1 is divided by r.
7
What is the remainder when 46 is divided by (15/6)/(7/14)?
1
Let c = 38 - 29. Suppose 0 = -5*b - 0*b. Suppose 3*w + 161 = 5*g, -3*g - w + 5*w + 90 = b. Calculate the remainder when g is divided by c.
7
Suppose -u - 32 = -4*z + 9, -5*z + 2*u + 49 = 0. What is the remainder when 52 is divided by z?
8
Let b be 0 - 1 - (-2 - 0). Suppose z - 3 = -b. Suppose 45 = 3*x + h - z*h, -2*x - 3*h + 30 = 0. Calculate the remainder when 27 is divided by x.
12
Let d(r) = 22*r**3 - r**2 - r + 2. Calculate the remainder when d(1) is divided by 6.
4
Suppose -2*z + 3*z - 2*y - 20 = 0, -z + 32 = 4*y. Calculate the remainder when 95 is divided by z.
23
Let n be 9/4 - 3/12. Suppose n*a + 3*r - 2*r = 5, -3*a + 24 = -4*r. What is the remainder when 14 is divided by a?
2
Suppose 40 = -0*q + 2*q. Suppose 2*w = -4*n + 4 - 14, 4*n = 3*w - 5. What is the remainder when (8/(-12))/(n/177) is divided by q?
19
Let t = 25 - 0. What is the remainder when 49 is divided by t?
24
Let i(s) = -s**2 - 7*s + 3. Let n be i(-7). Calculate the remainder when (n/9)/((-2)/(-6)) is divided by 1.
0
Suppose 6*t = 3*h + t - 31, 2*h - 4*t - 22 = 0. What is the remainder when 25 is divided by h?
4
Suppose 2*i + 55 = 7*i. What is the remainder when i is divided by 4?
3
Let y(t) = 13*t + 2. Calculate the remainder when y(1) is divided by 9.
6
Suppose 12*y = 10*y + 332. What is the remainder when y is divided by 13?
10
Let l = -6 - -74. Suppose l = j + 10. Calculate the remainder when j is divided by 20.
18
Let t be 13 - (1 - 3/(-3)). Let a = -7 + t. Suppose -p = a*p - 25. Calculate the remainder when 18 is divided by p.
3
Suppose 0 = -5*z - 2*o - 42, 0 = -4*z - o - 35 - 1. Let w(n) = -n**3 + 5*n**2 + 8*n - 3. Calculate the remainder when (z/(-6) - -1)*6 is divided by w(6).
7
Let x be (-75)/(-3)*(-4)/(-10). Suppose -2*u + x = -4. Calculate the remainder when 2 - 1/((-1)/18